{"id":91,"date":"2021-09-10T13:18:01","date_gmt":"2021-09-10T13:18:01","guid":{"rendered":"https:\/\/laplaceboheme.ch\/?post_type=product&#038;p=91"},"modified":"2024-01-27T10:43:48","modified_gmt":"2024-01-27T10:43:48","slug":"attrape-reve","status":"publish","type":"product","link":"https:\/\/laplaceboheme.ch\/index.php\/produit\/attrape-reve\/","title":{"rendered":"Attrape r\u00eave"},"content":{"rendered":"<div class=\"product-excerpt\">\n<p>1 Macram\u00e9 en couleur cr\u00e8me style Attrape r\u00eave.<\/p>\n<p>L50 x H15 cm<\/p>\n<\/div>\n","protected":false},"excerpt":{"rendered":"<p>1 Macram\u00e9 en couleur cr\u00e8me style Attrape r\u00eave.<\/p>\n<p>L50 x H15 cm<\/p>\n","protected":false},"featured_media":92,"comment_status":"open","ping_status":"closed","template":"","meta":[],"product_brand":[],"product_cat":[17],"product_tag":[],"class_list":["post-91","product","type-product","status-publish","has-post-thumbnail","product_cat-deco-et-kit-diy","first","instock","shipping-taxable","purchasable","product-type-simple"],"acf":[],"jetpack_sharing_enabled":true,"_links":{"self":[{"href":"https:\/\/laplaceboheme.ch\/index.php\/wp-json\/wp\/v2\/product\/91","targetHints":{"allow":["GET"]}}],"collection":[{"href":"https:\/\/laplaceboheme.ch\/index.php\/wp-json\/wp\/v2\/product"}],"about":[{"href":"https:\/\/laplaceboheme.ch\/index.php\/wp-json\/wp\/v2\/types\/product"}],"replies":[{"embeddable":true,"href":"https:\/\/laplaceboheme.ch\/index.php\/wp-json\/wp\/v2\/comments?post=91"}],"wp:featuredmedia":[{"embeddable":true,"href":"https:\/\/laplaceboheme.ch\/index.php\/wp-json\/wp\/v2\/media\/92"}],"wp:attachment":[{"href":"https:\/\/laplaceboheme.ch\/index.php\/wp-json\/wp\/v2\/media?parent=91"}],"wp:term":[{"taxonomy":"product_brand","embeddable":true,"href":"https:\/\/laplaceboheme.ch\/index.php\/wp-json\/wp\/v2\/product_brand?post=91"},{"taxonomy":"product_cat","embeddable":true,"href":"https:\/\/laplaceboheme.ch\/index.php\/wp-json\/wp\/v2\/product_cat?post=91"},{"taxonomy":"product_tag","embeddable":true,"href":"https:\/\/laplaceboheme.ch\/index.php\/wp-json\/wp\/v2\/product_tag?post=91"}],"curies":[{"name":"wp","href":"https:\/\/api.w.org\/{rel}","templated":true}]}}

Attrape rêve

<div class="product-excerpt">
<p>1 Macramé en couleur crème style Attrape rêve.</p>
<p>L50 x H15 cm</p>
</div>

<p>1 Macramé en couleur crème style Attrape rêve.</p>
<p>L50 x H15 cm</p>
