{"id":67,"date":"2021-09-10T12:41:32","date_gmt":"2021-09-10T12:41:32","guid":{"rendered":"https:\/\/laplaceboheme.ch\/?post_type=product&#038;p=67"},"modified":"2024-01-27T10:44:37","modified_gmt":"2024-01-27T10:44:37","slug":"sac-a-main-maya","status":"publish","type":"product","link":"https:\/\/laplaceboheme.ch\/index.php\/produit\/sac-a-main-maya\/","title":{"rendered":"Sac \u00e0 Main Maya"},"content":{"rendered":"<p>Un sac \u00e0 Main en cuir avec des bouts aux motifs l\u00e9opard<\/p>\n<p>100% cuir<\/p>\n<p>Fait main<\/p>\n<p>Trois poches int\u00e9rieur<\/p>\n<p>Fermeture zip<\/p>\n<p>En pr\u00e9-commande d\u00e9lai 2 semaines<\/p>\n","protected":false},"excerpt":{"rendered":"<p>Un sac \u00e0 Main en cuir avec des bouts aux motifs l\u00e9opard<\/p>\n<p>100% cuir<\/p>\n<p>Fait main<\/p>\n<p>Trois poches int\u00e9rieur<\/p>\n<p>Fermeture zip<\/p>\n<p>En pr\u00e9-commande d\u00e9lai 2 semaines<\/p>\n","protected":false},"featured_media":68,"comment_status":"open","ping_status":"closed","template":"","meta":[],"product_brand":[],"product_cat":[19,18],"product_tag":[],"class_list":["post-67","product","type-product","status-publish","has-post-thumbnail","product_cat-accessoires","product_cat-sacs-a-main","first","outofstock","shipping-taxable","purchasable","product-type-simple"],"acf":[],"jetpack_sharing_enabled":true,"_links":{"self":[{"href":"https:\/\/laplaceboheme.ch\/index.php\/wp-json\/wp\/v2\/product\/67","targetHints":{"allow":["GET"]}}],"collection":[{"href":"https:\/\/laplaceboheme.ch\/index.php\/wp-json\/wp\/v2\/product"}],"about":[{"href":"https:\/\/laplaceboheme.ch\/index.php\/wp-json\/wp\/v2\/types\/product"}],"replies":[{"embeddable":true,"href":"https:\/\/laplaceboheme.ch\/index.php\/wp-json\/wp\/v2\/comments?post=67"}],"wp:featuredmedia":[{"embeddable":true,"href":"https:\/\/laplaceboheme.ch\/index.php\/wp-json\/wp\/v2\/media\/68"}],"wp:attachment":[{"href":"https:\/\/laplaceboheme.ch\/index.php\/wp-json\/wp\/v2\/media?parent=67"}],"wp:term":[{"taxonomy":"product_brand","embeddable":true,"href":"https:\/\/laplaceboheme.ch\/index.php\/wp-json\/wp\/v2\/product_brand?post=67"},{"taxonomy":"product_cat","embeddable":true,"href":"https:\/\/laplaceboheme.ch\/index.php\/wp-json\/wp\/v2\/product_cat?post=67"},{"taxonomy":"product_tag","embeddable":true,"href":"https:\/\/laplaceboheme.ch\/index.php\/wp-json\/wp\/v2\/product_tag?post=67"}],"curies":[{"name":"wp","href":"https:\/\/api.w.org\/{rel}","templated":true}]}}

Sac à Main Maya

<p>Un sac à Main en cuir avec des bouts aux motifs léopard</p>
<p>100% cuir</p>
<p>Fait main</p>
<p>Trois poches intérieur</p>
<p>Fermeture zip</p>
<p>En pré-commande délai 2 semaines</p>
