{"id":264,"date":"2022-06-27T18:27:51","date_gmt":"2022-06-27T18:27:51","guid":{"rendered":"https:\/\/laplaceboheme.ch\/?post_type=product&#038;p=264"},"modified":"2022-06-27T18:27:51","modified_gmt":"2022-06-27T18:27:51","slug":"porte-cles-men-with-a-plant","status":"publish","type":"product","link":"https:\/\/laplaceboheme.ch\/index.php\/produit\/porte-cles-men-with-a-plant\/","title":{"rendered":"Porte-cl\u00e9s Men with a plant"},"content":{"rendered":"<p><span>Gar\u00e7on avec une plante Porte- <\/span><span>cl\u00e9s en \u00e9mail <\/span><span>plaqu\u00e9 or<\/span><\/p>\n","protected":false},"excerpt":{"rendered":"<p>Gar\u00e7on avec une plante Porte- cl\u00e9s en \u00e9mail plaqu\u00e9 or<\/p>\n","protected":false},"featured_media":265,"comment_status":"open","ping_status":"closed","template":"","meta":[],"product_brand":[],"product_cat":[19],"product_tag":[],"class_list":["post-264","product","type-product","status-publish","has-post-thumbnail","product_cat-accessoires","first","instock","shipping-taxable","purchasable","product-type-simple"],"acf":[],"jetpack_sharing_enabled":true,"_links":{"self":[{"href":"https:\/\/laplaceboheme.ch\/index.php\/wp-json\/wp\/v2\/product\/264","targetHints":{"allow":["GET"]}}],"collection":[{"href":"https:\/\/laplaceboheme.ch\/index.php\/wp-json\/wp\/v2\/product"}],"about":[{"href":"https:\/\/laplaceboheme.ch\/index.php\/wp-json\/wp\/v2\/types\/product"}],"replies":[{"embeddable":true,"href":"https:\/\/laplaceboheme.ch\/index.php\/wp-json\/wp\/v2\/comments?post=264"}],"wp:featuredmedia":[{"embeddable":true,"href":"https:\/\/laplaceboheme.ch\/index.php\/wp-json\/wp\/v2\/media\/265"}],"wp:attachment":[{"href":"https:\/\/laplaceboheme.ch\/index.php\/wp-json\/wp\/v2\/media?parent=264"}],"wp:term":[{"taxonomy":"product_brand","embeddable":true,"href":"https:\/\/laplaceboheme.ch\/index.php\/wp-json\/wp\/v2\/product_brand?post=264"},{"taxonomy":"product_cat","embeddable":true,"href":"https:\/\/laplaceboheme.ch\/index.php\/wp-json\/wp\/v2\/product_cat?post=264"},{"taxonomy":"product_tag","embeddable":true,"href":"https:\/\/laplaceboheme.ch\/index.php\/wp-json\/wp\/v2\/product_tag?post=264"}],"curies":[{"name":"wp","href":"https:\/\/api.w.org\/{rel}","templated":true}]}}

Porte-clés Men with a plant

<p><span>Garçon avec une plante Porte- </span><span>clés en émail </span><span>plaqué or</span></p>

<p>Garçon avec une plante Porte- clés en émail plaqué or</p>
