{"id":244,"date":"2022-06-27T11:46:04","date_gmt":"2022-06-27T11:46:04","guid":{"rendered":"https:\/\/laplaceboheme.ch\/?post_type=product&#038;p=244"},"modified":"2023-11-20T12:45:36","modified_gmt":"2023-11-20T12:45:36","slug":"plateau-moyen-cascade","status":"publish","type":"product","link":"https:\/\/laplaceboheme.ch\/index.php\/produit\/plateau-moyen-cascade\/","title":{"rendered":"Plateau moyen Cascade"},"content":{"rendered":"<div>\n<p class=\"p1\"><span>Plateau moyen en bois \u00e9cologique<\/span><\/p>\n<p><span>Dimensions : 34 x 28 cm<\/span><\/p>\n<p><span>Fabriqu\u00e9 \u00e0 la main en Su\u00e8de<\/span><\/p>\n<p><span>Utilisation de bois de bouleau scandinave certifi\u00e9 par le Forest Stewardship Council<\/span><\/p>\n<p><span>Passe au lave-vaisselle et contact alimentaire approuv\u00e9<\/span><\/p>\n<\/div>\n","protected":false},"excerpt":{"rendered":"<div>\n<p class=\"p1\"><span>Plateau moyen en bois \u00e9cologique<\/span><\/p>\n<p><span>Dimensions : 34 x 28 cm<\/span><\/p>\n<p><span>Fabriqu\u00e9 \u00e0 la main en Su\u00e8de<\/span><\/p>\n<p><span>Utilisation de bois de bouleau scandinave certifi\u00e9 par le Forest Stewardship Council<\/span><\/p>\n<p><span>Passe au lave-vaisselle et contact alimentaire approuv\u00e9<\/span><\/p>\n<\/div>\n","protected":false},"featured_media":245,"comment_status":"open","ping_status":"closed","template":"","meta":[],"product_brand":[],"product_cat":[19],"product_tag":[],"class_list":["post-244","product","type-product","status-publish","has-post-thumbnail","product_cat-accessoires","first","instock","shipping-taxable","purchasable","product-type-simple"],"acf":[],"jetpack_sharing_enabled":true,"_links":{"self":[{"href":"https:\/\/laplaceboheme.ch\/index.php\/wp-json\/wp\/v2\/product\/244","targetHints":{"allow":["GET"]}}],"collection":[{"href":"https:\/\/laplaceboheme.ch\/index.php\/wp-json\/wp\/v2\/product"}],"about":[{"href":"https:\/\/laplaceboheme.ch\/index.php\/wp-json\/wp\/v2\/types\/product"}],"replies":[{"embeddable":true,"href":"https:\/\/laplaceboheme.ch\/index.php\/wp-json\/wp\/v2\/comments?post=244"}],"wp:featuredmedia":[{"embeddable":true,"href":"https:\/\/laplaceboheme.ch\/index.php\/wp-json\/wp\/v2\/media\/245"}],"wp:attachment":[{"href":"https:\/\/laplaceboheme.ch\/index.php\/wp-json\/wp\/v2\/media?parent=244"}],"wp:term":[{"taxonomy":"product_brand","embeddable":true,"href":"https:\/\/laplaceboheme.ch\/index.php\/wp-json\/wp\/v2\/product_brand?post=244"},{"taxonomy":"product_cat","embeddable":true,"href":"https:\/\/laplaceboheme.ch\/index.php\/wp-json\/wp\/v2\/product_cat?post=244"},{"taxonomy":"product_tag","embeddable":true,"href":"https:\/\/laplaceboheme.ch\/index.php\/wp-json\/wp\/v2\/product_tag?post=244"}],"curies":[{"name":"wp","href":"https:\/\/api.w.org\/{rel}","templated":true}]}}

<div>
<p class="p1"><span>Plateau moyen en bois écologique</span></p>
<p><span>Dimensions : 34 x 28 cm</span></p>
<p><span>Fabriqué à la main en Suède</span></p>
<p><span>Utilisation de bois de bouleau scandinave certifié par le Forest Stewardship Council</span></p>
<p><span>Passe au lave-vaisselle et contact alimentaire approuvé</span></p>
</div>
