{"id":240,"date":"2022-06-27T11:25:27","date_gmt":"2022-06-27T11:25:27","guid":{"rendered":"https:\/\/laplaceboheme.ch\/?post_type=product&#038;p=240"},"modified":"2023-03-01T08:03:15","modified_gmt":"2023-03-01T08:03:15","slug":"housse-ordinateur-13pouce","status":"publish","type":"product","link":"https:\/\/laplaceboheme.ch\/index.php\/produit\/housse-ordinateur-13pouce\/","title":{"rendered":"Housse Ordinateur 13pouce"},"content":{"rendered":"<div>\n<p><span><span class=\"\">Housse pour ordinateur portable 13 pouces avec mousse pour prot\u00e9ger votre appareil.<\/span><\/span><\/p>\n<p><span>Notre motif terrazzo cognac est imprim\u00e9 sur une toile polyester de haute qualit\u00e9.<\/span><\/p>\n<p><span>Etiquette en cuir gaufr\u00e9 or.<\/span><\/p>\n<p><span>Fermeture \u00e0 glissi\u00e8re en m\u00e9tal YKK.<\/span><\/p>\n<p><span>L&#8217;emplacement de l&rsquo;impression peut varier.<\/span><\/p>\n<p><span>Convient aux ordinateurs portables jusqu&rsquo;\u00e0 32,5 x 22,7 x 1,8 cm tels que : <\/span><br \/>\n<span> \u2013 MacBook Pro 13\u2033 Retina et Touch Bar \u00e0 partir de 2015 <\/span><br \/>\n<span> \u2013 MacBook Air <\/span><br \/>\n<span> \u2013 Hp Envy 13 <\/span><br \/>\n<span> \u2013 Lenovo ThinkPad X1 Nano<\/span><\/p>\n<p><span><span class=\"goog-text-highlight\">Fabriqu\u00e9 en Chine<\/span><\/span><\/p>\n<\/div>\n","protected":false},"excerpt":{"rendered":"<div>\n<p><span><span class=\"\">Housse pour ordinateur portable 13 pouces avec mousse pour prot\u00e9ger votre appareil.<\/span><\/span><\/p>\n<p><span>Notre motif terrazzo cognac est imprim\u00e9 sur une toile polyester de haute qualit\u00e9.<\/span><\/p>\n<p><span>Etiquette en cuir gaufr\u00e9 or.<\/span><\/p>\n<p><span>Fermeture \u00e0 glissi\u00e8re en m\u00e9tal YKK.<\/span><\/p>\n<p><span>L&#8217;emplacement de l&rsquo;impression peut varier.<\/span><\/p>\n<p><span>Convient aux ordinateurs portables jusqu&rsquo;\u00e0 32,5 x 22,7 x 1,8 cm tels que : <\/span><br \/>\n<span> \u2013 MacBook Pro 13\u2033 Retina et Touch Bar \u00e0 partir de 2015 <\/span><br \/>\n<span> \u2013 MacBook Air <\/span><br \/>\n<span> \u2013 Hp Envy 13 <\/span><br \/>\n<span> \u2013 Lenovo ThinkPad X1 Nano<\/span><\/p>\n<p><span><span class=\"goog-text-highlight\">Fabriqu\u00e9 en Chine<\/span><\/span><\/p>\n<\/div>\n","protected":false},"featured_media":241,"comment_status":"open","ping_status":"closed","template":"","meta":[],"product_brand":[],"product_cat":[19],"product_tag":[],"class_list":["post-240","product","type-product","status-publish","has-post-thumbnail","product_cat-accessoires","first","instock","shipping-taxable","purchasable","product-type-simple"],"acf":[],"jetpack_sharing_enabled":true,"_links":{"self":[{"href":"https:\/\/laplaceboheme.ch\/index.php\/wp-json\/wp\/v2\/product\/240","targetHints":{"allow":["GET"]}}],"collection":[{"href":"https:\/\/laplaceboheme.ch\/index.php\/wp-json\/wp\/v2\/product"}],"about":[{"href":"https:\/\/laplaceboheme.ch\/index.php\/wp-json\/wp\/v2\/types\/product"}],"replies":[{"embeddable":true,"href":"https:\/\/laplaceboheme.ch\/index.php\/wp-json\/wp\/v2\/comments?post=240"}],"wp:featuredmedia":[{"embeddable":true,"href":"https:\/\/laplaceboheme.ch\/index.php\/wp-json\/wp\/v2\/media\/241"}],"wp:attachment":[{"href":"https:\/\/laplaceboheme.ch\/index.php\/wp-json\/wp\/v2\/media?parent=240"}],"wp:term":[{"taxonomy":"product_brand","embeddable":true,"href":"https:\/\/laplaceboheme.ch\/index.php\/wp-json\/wp\/v2\/product_brand?post=240"},{"taxonomy":"product_cat","embeddable":true,"href":"https:\/\/laplaceboheme.ch\/index.php\/wp-json\/wp\/v2\/product_cat?post=240"},{"taxonomy":"product_tag","embeddable":true,"href":"https:\/\/laplaceboheme.ch\/index.php\/wp-json\/wp\/v2\/product_tag?post=240"}],"curies":[{"name":"wp","href":"https:\/\/api.w.org\/{rel}","templated":true}]}}

<div>
<p><span><span class="">Housse pour ordinateur portable 13 pouces avec mousse pour protéger votre appareil.</span></span></p>
<p><span>Notre motif terrazzo cognac est imprimé sur une toile polyester de haute qualité.</span></p>
<p><span>Etiquette en cuir gaufré or.</span></p>
<p><span>Fermeture à glissière en métal YKK.</span></p>
<p><span>L&#8217;emplacement de l&rsquo;impression peut varier.</span></p>
<p><span>Convient aux ordinateurs portables jusqu&rsquo;à 32,5 x 22,7 x 1,8 cm tels que : </span><br />
<span> – MacBook Pro 13″ Retina et Touch Bar à partir de 2015 </span><br />
<span> – MacBook Air </span><br />
<span> – Hp Envy 13 </span><br />
<span> – Lenovo ThinkPad X1 Nano</span></p>
<p><span><span class="goog-text-highlight">Fabriqué en Chine</span></span></p>
</div>
