{"id":216,"date":"2022-04-12T11:07:54","date_gmt":"2022-04-12T11:07:54","guid":{"rendered":"https:\/\/laplaceboheme.ch\/?post_type=product&#038;p=216"},"modified":"2022-06-20T09:54:37","modified_gmt":"2022-06-20T09:54:37","slug":"plateau-moyen-tropical","status":"publish","type":"product","link":"https:\/\/laplaceboheme.ch\/index.php\/produit\/plateau-moyen-tropical\/","title":{"rendered":"Plateau moyen tropical"},"content":{"rendered":"<p class=\"p1\"><span><span class=\"\">Plateau moyen en bois \u00e9cologique<\/span><\/span><\/p>\n<p><span>Dimensions : 34 x 28 cm<\/span><\/p>\n<p><span>Fabriqu\u00e9 \u00e0 la main en Su\u00e8de<\/span><\/p>\n<p><span>Utilisation de bois de bouleau scandinave certifi\u00e9 par le Forest Stewardship Council<\/span><\/p>\n<p><span>Passe au lave-vaisselle et contact alimentaire approuv\u00e9<\/span><\/p>\n","protected":false},"excerpt":{"rendered":"<p class=\"p1\"><span><span class=\"\">Plateau moyen en bois \u00e9cologique<\/span><\/span><\/p>\n<p><span>Dimensions : 34 x 28 cm<\/span><\/p>\n<p><span>Fabriqu\u00e9 \u00e0 la main en Su\u00e8de<\/span><\/p>\n<p><span>Utilisation de bois de bouleau scandinave certifi\u00e9 par le Forest Stewardship Council<\/span><\/p>\n<p><span>Passe au lave-vaisselle et contact alimentaire approuv\u00e9<\/span><\/p>\n","protected":false},"featured_media":217,"comment_status":"open","ping_status":"closed","template":"","meta":[],"product_brand":[],"product_cat":[17],"product_tag":[],"class_list":["post-216","product","type-product","status-publish","has-post-thumbnail","product_cat-deco-et-kit-diy","first","instock","shipping-taxable","purchasable","product-type-simple"],"acf":[],"jetpack_sharing_enabled":true,"_links":{"self":[{"href":"https:\/\/laplaceboheme.ch\/index.php\/wp-json\/wp\/v2\/product\/216","targetHints":{"allow":["GET"]}}],"collection":[{"href":"https:\/\/laplaceboheme.ch\/index.php\/wp-json\/wp\/v2\/product"}],"about":[{"href":"https:\/\/laplaceboheme.ch\/index.php\/wp-json\/wp\/v2\/types\/product"}],"replies":[{"embeddable":true,"href":"https:\/\/laplaceboheme.ch\/index.php\/wp-json\/wp\/v2\/comments?post=216"}],"wp:featuredmedia":[{"embeddable":true,"href":"https:\/\/laplaceboheme.ch\/index.php\/wp-json\/wp\/v2\/media\/217"}],"wp:attachment":[{"href":"https:\/\/laplaceboheme.ch\/index.php\/wp-json\/wp\/v2\/media?parent=216"}],"wp:term":[{"taxonomy":"product_brand","embeddable":true,"href":"https:\/\/laplaceboheme.ch\/index.php\/wp-json\/wp\/v2\/product_brand?post=216"},{"taxonomy":"product_cat","embeddable":true,"href":"https:\/\/laplaceboheme.ch\/index.php\/wp-json\/wp\/v2\/product_cat?post=216"},{"taxonomy":"product_tag","embeddable":true,"href":"https:\/\/laplaceboheme.ch\/index.php\/wp-json\/wp\/v2\/product_tag?post=216"}],"curies":[{"name":"wp","href":"https:\/\/api.w.org\/{rel}","templated":true}]}}

<p class="p1"><span><span class="">Plateau moyen en bois écologique</span></span></p>
<p><span>Dimensions : 34 x 28 cm</span></p>
<p><span>Fabriqué à la main en Suède</span></p>
<p><span>Utilisation de bois de bouleau scandinave certifié par le Forest Stewardship Council</span></p>
<p><span>Passe au lave-vaisselle et contact alimentaire approuvé</span></p>
